72
What is 2620036 (base 10) in base 4?
21333222010
Convert 12039 (base 16) to base 8.
220071
What is -112758 (base 10) in base 16?
-1b876
Convert b6737 (base 12) to base 11.
153a51
-8035830 (base 11) to base 5
-12120132232
1013223331 (base 4) to base 16
47afd
What is -4163513 (base 8) in base 10?
-1107787
1db14cc (base 14) to base 9
31112138
2040521 (base 7) to base 11
158215
130451343 (base 6) to base 3
11210221001000
What is -772b7 (base 15) in base 4?
-1130123332
What is -42366462 (base 7) in base 9?
-6681536
Convert 21432143 (base 5) to base 16.
2d8b4
Convert 14470 (base 11) to base 4.
11000232
What is 381e29 (base 15) in base 2?
1010010000101010011001
What is -687592 (base 10) in base 6?
-22423144
What is -115a188 (base 14) in base 4?
-133213033130
Convert -1089501 (base 11) to base 3.
-10120121001120
What is -143056 (base 10) in base 3?
-21021020101
703566 (base 8) to base 14
60406
Convert -11011011110000110101 (base 2) to base 3.
-1200201202212
-1273432 (base 8) to base 2
-1010111011100011010
What is 301133002 (base 4) in base 2?
110001011111000010
Convert -101001010011110111011100 (base 2) to base 15.
-e3da1b
Convert 1d7d40 (base 14) to base 3.
1222210201212
2284567 (base 10) to base 9
4261747
Convert -127007b (base 12) to base 16.
-375f5f
Convert 291390 (base 10) to base 2.
1000111001000111110
Convert 38aa60 (base 11) to base 5.
124133432
What is -1125161 (base 7) in base 9?
-234448
What is -10226103 (base 7) in base 16?
-d2f45
Convert -473337 (base 11) to base 13.
-203b3c
-156a19a (base 13) to base 5
-3230030111
-1011010101122211 (base 3) to base 11
-937895a
21451 (base 13) to base 9
101344
Convert 2f864 (base 16) to base 3.
100220000122
-23130230 (base 5) to base 13
-739b8
Convert -220140442 (base 5) to base 8.
-3462217
What is -240311541 (base 6) in base 10?
-4504021
What is 112023330 (base 4) in base 10?
90876
Convert -c6923 (base 13) to base 5.
-42414324
What is 14516314 (base 8) in base 12?
113b638
What is 6474703 (base 8) in base 15?
24418c
What is 1020201222111 (base 3) in base 14?
134041
-110111111100010011001 (base 2) to base 8
-6774231
Convert -20201122210 (base 3) to base 9.
-221583
-28ac58 (base 15) to base 14
-390563
Convert -122010101212102 (base 3) to base 6.
-523024232
32878b (base 13) to base 2
100100010011111110011
What is 2210221221220 (base 3) in base 6?
52013553
Convert -1331211 (base 7) to base 3.
-22221001020
Convert -1123232100 (base 4) to base 11.
-2372a2
What is 9820 (base 16) in base 9?
58371
What is 1660220 (base 9) in base 13?
265206
27438 (base 12) to base 15
110c8
Convert 1101001111202 (base 3) to base 7.
6125306
What is 13032452 (base 7) in base 6?
41220152
Convert 30744 (base 12) to base 4.
33130210
Convert -16427674 (base 8) to base 13.
-a368c5
111001101001000101111 (base 2) to base 14
3724b5
Convert -2375662 (base 8) to base 16.
-9fbb2
189669 (base 12) to base 5
102244332
Convert 1172621 (base 9) to base 3.
1012102200201
Convert -151253 (base 8) to base 6.
-1053403
5a272 (base 11) to base 10
86836
What is -100110010110000110 (base 2) in base 5?
-20011222
What is 273903 (base 12) in base 15?
cc5b9
-230821 (base 10) to base 5
-24341241
Convert 13002101 (base 4) to base 13.
10169
What is 2565452 (base 7) in base 5?
41220222
What is -27164 (base 13) in base 15?
-16852
What is 11121133414 (base 5) in base 4?
232313230032
Convert 1431442102 (base 5) to base 4.
32123010212
2a1839 (base 14) to base 16
16576b
What is 100220011100 (base 3) in base 12?
94860
-10102210022 (base 3) to base 9
-112708
Convert 551516 (base 8) to base 5.
21411131
-152355 (base 9) to base 3
-11202101212
6377154 (base 10) to base 8
30247302
Convert 22120112222202 (base 3) to base 4.
101120232011
-487323 (base 10) to base 6
-14240043
Convert -284219 (base 10) to base 4.
-1011120323
What is 10010101011 (base 3) in base 7?
344221
Convert -2462751 (base 9) to base 2.
-101000111010001100011
What is 1514301524 (base 6) in base 16?
121663c
What is 3120344421 (base 5) in base 3?
110002002211222
-6486084 (base 9) to base 12
-11bab04
What is 1a54b5 (base 12) in base 10?
465545
Convert 10236246 (base 7) to base 4.
3103203312
ba462 (base 13) to base 4
1102100001
Convert 26631440 (base 7) to base 13.
682583
-4142 (base 16) to base 10
-16706
35988 (base 14) to base 8
377444
-113320100 (base 4) to base 2
-10111111000010000
-21420012 (base 5) to base 6
-3551224
Convert -194138 (base 13) to base 7.
-5263103
Convert 27c72 (base 15) to base 4.
133023002
What is -5ee02d (base 16) in base 3?
-102200220011220
Convert 16615615 (base 7) to base 12.
66a011
13702467 (base 8) to base 12
1062307
What is -8fd1c (base 16) in base 14?
-114976
Convert -245041544 (base 6) to base 15.
-632d44
What is -316f7a (base 16) in base 6?
-153235030
-101000100101101010001 (base 2) to base 9
-2446368
What is 15753475 (base 8) in base 16?
37d73d
Convert 7843ba (base 14) to base 2.
1111100101000001110000
What is 49273 (base 11) in base 12?
35015
Convert 1900686 (base 10) to base 13.
517188
Convert 1121021303 (base 4) to base 15.
732eb
Convert 274a86 (base 13) to base 10.
953101
What is -21310110 (base 4) in base 13?
-153c3
130679 (base 13) to base 9
767338
Convert -1001010010011010111 (base 2) to base 12.
-12815b
What is -272 (base 9) in base 13?
-146
What is 375ae (base 16) in base 6?
4505410
-855144 (base 9) to base 2
-1111100010000100011
332583 (base 14) to base 13
489b0b
Convert 664958 (base 10) to base 4.
2202111332
What is 917a58 (base 13) in base 14?
64264c
1045054 (base 6) to base 7
310246
What is 11073361 (base 9) in base 13?
1159c8a
What is 69311f (base 16) in base 2?
11010010011000100011111
What is -23534443 (base 8) in base 13?
-10b83aa
What is -222121111112111 (base 3) in base 16?
-d7cb36
Convert -34332121 (base 5) to base 14.
-80575
2040310 (base 6) to base 15
1e340
What is -232242132 (base 5) in base 4?
-10001302231
Convert 553555 (base 8) to base 14.
4bc17
Convert 323404331 (base 6) to base 15.
78ecdd
20001102122 (base 3) to base 15
2547b
-332ba (base 13) to base 12
-45825
Convert -413310204 (base 5) to base 7.
-20300065
Convert -300718a (base 11) to base 10.
-5324219
Convert 41202001 (base 5) to base 9.
560016
434fb3 (base 16) to base 12
1588a17
What is 10123405 (base 6) in base 13?
a2665
What is -326524 (base 11) in base 5?
-113133202
-1101001011001110001 (base 2) to base 15
-87dbe
Convert 10213130 (base 4) to base 13.
87b6
Convert -323140332 (base 5) to base 7.
-14510262
-12525 (base 8) to base 16
-1555
Convert 1ba619 (base 16) to base 11.
1028417
What is 1c75b (base 14) in base 11?
4a76a
625b48 (base 13) to base 4
20300332320
Convert -210011220 (base 3) to base 6.
-155253
What is 166820 (base 11) in base 3?
111002201212
-3a747 (base 14) to base 7
-1140120
Convert 10001022101211 (base 3) to base 12.
6616aa
Convert -234a8 (base 15) to base 7.
-645536
What is 443205 (base 12) in base 16?
108965
e9ffc (base 16) to base 2
11101001111111111100
Convert 3586 (base 11) to base 15.
15cc
What is -1120572 (base 9) in base 11?
-382946
What is 10b7aa (base 12) in base 10?
268978
What is -1607080 (base 9) in base 12?
-36b6a6
What is 200214 (base 7) in base 16?
83bb
Convert -72444353 (base 8) to base 13.
-324787c
What is 1200112111001 (base 3) in base 15?
12a87d
131212323 (base 4) to base 11
83130
-197012 (base 12) to base 6
-13332022
What is -48803 (base 16) in base 5?
-34000323
10303310012 (base 4) to base 9
2331445
What is -11420321 (base 8) in base 11?
-14573a9
What is -1216227 (base 10) in base 6?
-42022403
-13061152 (base 8) to base 16
-2c626a
Convert 13362314 (base 7) to base 10.
1242161
Convert -2304403400 (base 5) to base 6.
-302243132
What is 2030536 (base 7) in base 12?
b85b1
What is 12036100 (base 8) in base 12?
a71b68
-52015335 (base 7) to base 16
-427cb6
Convert c215c (base 13) to base 8.
1246354
-63455 (base 9) to base 5
-2320202
-25bdc2 (base 15) to base 6
-102501215
What is 5884646 (base 10) in base 6?
330043422
-13320231323 (base 4) to base 16
-1f8b7b
What is -146450 (base 7) in base 8?
-70034
b174b3 (base 13) to base 7
50044600
-6236741 (base 9) to base 2
-1100101101010101001101
Convert -9bee6a (base 16) to base 6.
-1003010414
-100011001110010100 (base 2) to base 12
-6b5b0
Convert c0 (base 15) to base 12.
130
-3004031 (base 6) to base 8
-423063
Convert